(base 10) to base 15
-708c
Convert 20010220 (base 3) to base 12.
2713
What is -12010 (base 4) in base 15?
-1ad
What is 112353 (base 6) in base 14?
372d
Convert -1781 (base 10) to base 2.
-11011110101
-3312 (base 6) to base 7
-2141
486 (base 10) to base 4
13212
What is -11300 (base 4) in base 2?
-101110000
Convert 231 (base 6) to base 14.
67
-334 (base 5) to base 12
-7a
Convert -5114 (base 8) to base 4.
-221030
What is 1484 (base 9) in base 12?
7a1
Convert 78a3 (base 11) to base 6.
120050
What is b85 (base 15) in base 2?
101000101000
6a74 (base 13) to base 12
87b3
-1133023 (base 4) to base 13
-2a07
10414041 (base 5) to base 3
11122212221
14094 (base 11) to base 4
10321210
Convert 33223 (base 4) to base 8.
1753
Convert -379 (base 10) to base 12.
-277
What is 475c (base 13) in base 2?
10011101000000
Convert -6410 (base 10) to base 4.
-1210022
1582 (base 10) to base 13
949
-2111 (base 6) to base 15
-21a
-1e79 (base 15) to base 12
-3a13
626 (base 7) to base 4
10322
Convert -6208 (base 13) to base 3.
-200120001
-22222 (base 3) to base 7
-464
What is -32342 (base 5) in base 10?
-2222
101001100110110 (base 2) to base 7
116051
8b (base 12) to base 9
128
What is -2a (base 11) in base 8?
-40
Convert 1176 (base 8) to base 4.
21332
e8 (base 16) to base 3
22121
What is -4220 (base 6) in base 9?
-1263
-2110000202 (base 3) to base 12
-23a32
Convert -1111001110 (base 2) to base 16.
-3ce
What is adf (base 16) in base 3?
10211002
What is 100 (base 6) in base 4?
210
What is -2331203 (base 4) in base 5?
-342011
What is 564 (base 8) in base 11?
309
10102211 (base 3) to base 11
1979
2994 (base 11) to base 5
110404
-1476 (base 8) to base 10
-830
What is -5254 (base 10) in base 5?
-132004
Convert -7323 (base 9) to base 5.
-132432
Convert -5555 (base 7) to base 12.
-11a8
Convert -308 (base 12) to base 7.
-1166
What is 3121 (base 9) in base 12?
13a7
Convert -1111100001100 (base 2) to base 6.
-100444
-221220110 (base 3) to base 8
-44705
-5a3 (base 15) to base 5
-20103
Convert 2136 (base 10) to base 3.
2221010
a2 (base 14) to base 2
10001110
Convert -232 (base 13) to base 16.
-17b
What is 428 (base 10) in base 16?
1ac
What is 64501 (base 7) in base 3?
210222111
-30434 (base 7) to base 2
-1110100000000
44220 (base 7) to base 2
10101101010000
153 (base 12) to base 13
12c
-22d (base 14) to base 12
-301
17a7a (base 14) to base 2
1110100100101100
What is b0 (base 13) in base 8?
217
Convert 323 (base 8) to base 11.
182
What is 3331113 (base 4) in base 10?
16215
1022100221 (base 3) to base 11
1840a
158 (base 12) to base 5
1322
22b1 (base 12) to base 7
14206
Convert -22c (base 16) to base 9.
-677
What is 1443 (base 8) in base 13?
49a
What is 62734 (base 8) in base 4?
12113130
Convert 67f (base 16) to base 3.
2021121
Convert -617 (base 8) to base 3.
-112210
305413 (base 6) to base 9
36620
Convert 1221221 (base 3) to base 8.
2625
6143 (base 12) to base 5
314223
What is 1797 (base 12) in base 11?
2162
What is -6aa (base 14) in base 8?
-2456
Convert 1213033 (base 4) to base 11.
4a67
Convert 11111021 (base 3) to base 13.
164b
1311 (base 6) to base 13
1c6
What is -6415 (base 9) in base 4?
-1021220
214 (base 15) to base 14
257
What is 530 (base 8) in base 16?
158
Convert 1010230 (base 4) to base 16.
112c
5a42 (base 11) to base 2
1111011100111
Convert 15682 (base 9) to base 11.
80a8
What is 556 (base 9) in base 13?
291
What is 1600 (base 9) in base 15?
560
What is 3312 (base 6) in base 14?
3c8
-eb3 (base 15) to base 16
-cf6
Convert 2101200 (base 5) to base 3.
1202101122
-9235 (base 13) to base 11
-14163
What is 3524 (base 6) in base 8?
1514
-41241 (base 5) to base 9
-3625
What is 120324 (base 5) in base 15?
14c9
555 (base 11) to base 6
3025
514 (base 14) to base 7
2624
Convert -34569 (base 12) to base 6.
-1255413
What is 1206 (base 11) in base 16?
62b
Convert 29d6 (base 14) to base 13.
3504
What is 1df (base 16) in base 4?
13133
Convert 34a (base 15) to base 13.
454
2222 (base 10) to base 11
1740
What is -68 (base 12) in base 16?
-50
-2311 (base 7) to base 14
-441
Convert 20cc (base 14) to base 5.
140133
Convert -10000010100 (base 2) to base 15.
-499
What is -50065 (base 9) in base 14?
-bd96
Convert -11414 (base 8) to base 13.
-22b1
What is -32112 (base 5) in base 6?
-13553
711 (base 13) to base 6
5313
Convert -10001110001 (base 2) to base 13.
-696
-111110010010 (base 2) to base 4
-332102
1354 (base 9) to base 8
1775
What is -20222220 (base 3) in base 11?
-3917
What is 364 (base 10) in base 16?
16c
What is -313 (base 12) in base 15?
-1ec
-242512 (base 6) to base 3
-1002021222
Convert 8e18 (base 15) to base 12.
15565
What is -1024 (base 7) in base 9?
-441
What is 7572 (base 9) in base 14?
2061
Convert -625 (base 11) to base 2.
-1011110001
What is -3432 (base 5) in base 14?
-272
-8a16 (base 11) to base 14
-4483
What is 5223 (base 7) in base 4?
130212
What is c7ca (base 13) in base 16?
6c41
Convert -eab (base 15) to base 6.
-23155
Convert -402464 (base 7) to base 4.
-100220330
What is 1111001 (base 2) in base 15?
81
What is 2da0 (base 16) in base 11?
8859
Convert -20421 (base 11) to base 8.
-72135
What is 5146 (base 13) in base 6?
123524
24205 (base 6) to base 4
313031
Convert -12074 (base 8) to base 15.
-1805
Convert 4011 (base 5) to base 16.
1fa
What is 1159 (base 14) in base 4?
233023
Convert -454 (base 9) to base 7.
-1042
-1111010010 (base 2) to base 6
-4310
What is -200022 (base 3) in base 2?
-111101110
What is -11d2 (base 15) in base 6?
-25325
What is 520 (base 10) in base 13?
310
What is -47e (base 15) in base 10?
-1019
1332 (base 8) to base 3
1000001
-187 (base 10) to base 11
-160
1388c (base 13) to base 11
25571
What is 529a (base 11) in base 4?
1231132
4253 (base 10) to base 6
31405
10212011 (base 4) to base 15
589b
276 (base 13) to base 4
12303
22333 (base 6) to base 10
3153
Convert 5ac6 (base 13) to base 2.
11001000100101
123303 (base 6) to base 5
324002
2100 (base 7) to base 5
10420
Convert 21278 (base 11) to base 12.
15aa4
-4209 (base 13) to base 10
-9135
What is 110001110 (base 2) in base 11?
332
Convert -20022020 (base 3) to base 15.
-1566
What is -100100 (base 5) in base 11?
-2404
What is 437 (base 9) in base 11?
2a6
What is 421 (base 9) in base 3?
110201
-3d79 (base 14) to base 8
-25207
-1c8 (base 15) to base 8
-635
Convert -a26 (base 14) to base 6.
-13122
Convert -5c52 (base 13) to base 2.
-11001100011000
-11341 (base 5) to base 15
-3b6
Convert -31025 (base 8) to base 3.
-122120212
Convert 220 (base 12) to base 9.
376
12357 (base 8) to base 2
1010011101111
What is -974 (base 13) in base 16?
-650
-143a (base 11) to base 12
-10aa
2023100 (base 4) to base 5
241122
What is 2bd (base 15) in base 12?
444
What is 222 (base 9) in base 10?
182
-4730 (base 9) to base 16
-db6
Convert -130203 (base 4) to base 11.
-1411
Convert -d9d (base 15) to base 11.
-2344
Convert -1101010001110 (base 2) to base 15.
-2033
What is -302 (base 4) in base 2?
-110010
3637 (base 8) to base 13
b71
What is -36 (base 8) in base 13?
-24
-4 (base 8) to base 10
-4
325 (base 6) to base 9
148
-5761 (base 14) to base 6
-154133
1001110001100110 (base 2) to base 12
1b206
-23ca (base 14) to base 13
-2b01
What is 25c3 (base 13) in base 9?
7357
1001100001 (base 2) to base 5
4414
What is -5401 (base 11) in base 9?
-10713
1146 (base 8) to base 2
1001100110
Convert -4539 (base 10) to base 5.
-121124
Convert -20465 (base 10) to base 13.
-9413
What is -2001201222 (base 3) in base 5?
-2300014
What is 22234 (base 6) in base 11?
2385
What is -927 (base 11) in base 4?
-101132
-303 (base 5) to base 3
-2220
What is 5260 (base 10) in base 13?
2518
Convert 14234 (base 6) to base 2.
100011001110
What is -10001000100010010 (base 2) in base 16?
-11112
Convert -125 (base 11) to base 7.
-301
-202414 (base 6) to base 5
-1004023
15c (base 15) to base 3
102120
1133 (base 6) to base 2
100010001
Convert -2c1 (base 14) to base 10.
-561
What is 10000011000011 (base 2) in base 16?
20c3
What is -114143 (base 7) in base 3?
-1001100012
What is 10211200 (base 3) in base 10?
2799
What is -5df7 (base 16) in base 8?
-56767
-629 (base 12) to base 5
-12042
What is 2237 (base 15) in base 13?
33bb
Convert 538a (base 13) to base 11.
87a1
What is -110011010010 (base 2) in base 10?
-3282
2c81 (base 13) to base 10
6527
What is -ab3 (base 12) in base 10